0?
False
Is 83820450 a multiple of 1530?
False
Is 22425741 a multiple of 1053?
True
Is 3243096775 a multiple of 1859?
False
Does 12 divide 2108807856?
True
Does 953 divide 1489946458?
False
Is 47355583 a multiple of 1441?
True
Is 48 a factor of 123269148?
False
Is 94 a factor of 200807782?
True
Is 86830689 a multiple of 647?
False
Does 188 divide 78441496?
True
Is 61 a factor of 155889924?
False
Is 43 a factor of 52527725?
True
Does 4257 divide 151664139?
True
Is 238 a factor of 92882594?
True
Is 2 a factor of 961484859?
False
Does 39 divide 1568340693?
False
Is 1048 a factor of 431833625?
False
Does 6 divide 36242977?
False
Is 13035756 a multiple of 138?
True
Does 44 divide 7204596?
False
Is 9989 a factor of 2784723431?
True
Is 971 a factor of 195124992?
False
Is 362 a factor of 2019105318?
True
Does 347 divide 8369293?
True
Does 4710 divide 142312650?
True
Does 668 divide 2075519?
False
Is 51 a factor of 1072054287?
False
Does 5007 divide 411390141?
True
Does 733 divide 12591053?
False
Does 21 divide 3198369635?
False
Is 33720786 a multiple of 18?
True
Is 2685 a factor of 88191510?
True
Does 4 divide 32360108?
True
Does 99 divide 97761922?
False
Does 13 divide 115901630?
True
Does 228 divide 30253892?
False
Is 2211 a factor of 217765812?
True
Is 241512950 a multiple of 219?
False
Is 48509230 a multiple of 770?
True
Is 1471988156 a multiple of 801?
False
Does 43 divide 108872431?
True
Does 68 divide 4352060?
False
Is 42 a factor of 4337538660?
True
Is 26 a factor of 12799046?
True
Is 60416064 a multiple of 6?
True
Is 25 a factor of 65819275?
True
Is 36 a factor of 84532425?
False
Does 155 divide 140126901?
False
Does 5 divide 105995609?
False
Is 95032061 even?
False
Does 135 divide 33720435?
True
Is 2 a factor of 46095402?
True
Is 168 a factor of 329393568?
True
Does 317 divide 176725281?
True
Does 32 divide 446126612?
False
Does 249 divide 16622244?
True
Does 12 divide 61445232?
True
Does 2037 divide 1911177384?
False
Is 15436937 a multiple of 35?
False
Is 16 a factor of 30255299?
False
Does 173 divide 73198942?
False
Does 699 divide 134216192?
False
Is 20615130 a multiple of 18?
True
Is 11 a factor of 193398271?
True
Does 345 divide 469591827?
False
Is 1879343948 a multiple of 32?
False
Does 8707 divide 2437968707?
True
Does 93 divide 88263316?
False
Is 143 a factor of 80954159?
True
Is 25 a factor of 240356301?
False
Is 178817910 a multiple of 13?
False
Is 382863768 a multiple of 24?
True
Is 1550208192 a multiple of 8?
True
Is 260 a factor of 122717151?
False
Does 672 divide 132303593?
False
Is 2346247 a multiple of 3347?
True
Is 29 a factor of 490637712?
False
Is 2 a factor of 6047174?
True
Is 1435910216 a multiple of 104?
True
Does 44 divide 936188?
True
Does 18 divide 48410086?
False
Is 2197 a factor of 30221932?
True
Is 758406070 a multiple of 778?
True
Does 2682 divide 191771831?
False
Is 269 a factor of 15682315?
False
Is 132 a factor of 112291080?
True
Is 92 a factor of 1426225514?
False
Is 12985630 a multiple of 94?
True
Does 125 divide 5316905?
False
Does 447 divide 55796328?
True
Is 253339962 a multiple of 74?
True
Is 1013701584 a multiple of 5468?
True
Is 10 a factor of 276974550?
True
Is 204448974 a multiple of 10?
False
Is 125598461 a multiple of 27?
False
Does 25 divide 39442300?
True
Does 2239 divide 15520265?
False
Is 74 a factor of 76444155?
False
Is 29146715 a multiple of 61?
True
Is 42608958 a multiple of 301?
True
Is 1897065224 a multiple of 808?
True
Is 1486 a factor of 255449344?
True
Does 914 divide 12167168?
True
Is 21212741 a multiple of 2071?
False
Is 495066665 a multiple of 53?
False
Does 73 divide 22208575?
False
Does 97 divide 407595170?
False
Is 1012971912 a multiple of 4803?
True
Is 24615122 a multiple of 1008?
False
Is 24015852 a multiple of 42?
True
Is 7922042 a multiple of 116?
False
Is 254 a factor of 3316478?
True
Is 363 a factor of 816016740?
True
Does 1135 divide 58392839?
False
Is 117909336 a multiple of 162?
False
Does 684 divide 195371604?
True
Is 171 a factor of 429707952?
True
Is 66 a factor of 26954138?
False
Does 51 divide 92224320?
True
Is 13903435 a multiple of 455?
True
Is 1777 a factor of 6441072353?
True
Is 45 a factor of 1107831825?
True
Does 1461 divide 1138222731?
True
Does 352 divide 45521696?
True
Is 9608510 a multiple of 402?
False
Does 69 divide 8559450?
True
Is 18483580 a multiple of 635?
True
Is 896 a factor of 290653440?
True
Does 967 divide 22016667?
False
Is 29441540 a multiple of 10?
True
Is 101 a factor of 197208?
False
Is 175 a factor of 125299300?
True
Does 5534 divide 1650135279?
False
Does 15 divide 5194653644?
False
Is 377534265 a multiple of 5205?
True
Is 2619045 a multiple of 1665?
True
Is 238 a factor of 1181607323?
False
Is 4 a factor of 5141124?
True
Is 11 a factor of 718999713?
False
Is 1456 a factor of 13179712?
True
Is 16 a factor of 27148685?
False
Is 1864800 a multiple of 259?
True
Does 3 divide 36625185?
True
Is 18 a factor of 193112245?
False
Is 251865687 a multiple of 1082?
False
Does 5926 divide 47431704?
True
Does 1445 divide 155166955?
False
Is 16 a factor of 911152?
True
Does 9 divide 3003332?
False
Is 1012910792 a multiple of 4?
True
Is 196090626 a multiple of 6339?
True
Does 4 divide 269480178?
False
Is 18750810 a multiple of 10?
True
Is 1941718945 a multiple of 939?
False
Is 413 a factor of 769005100?
False
Is 13 a factor of 13447863?
True
Is 3113166 a multiple of 147?
True
Is 2039419958 a multiple of 6435?
False
Is 138 a factor of 7316527797?
False
Does 43 divide 3475260?
True
Does 5 divide 15809030?
True
Is 133 a factor of 29100001?
True
Is 718 a factor of 62057458?
True
Does 24 divide 24665678?
False
Is 109 a factor of 414359903?
True
Is 95 a factor of 2732834?
False
Is 77 a factor of 2350656?
True
Is 1242 a factor of 14927381?
False
Is 327924295 a multiple of 701?
True
Is 32375815 a multiple of 1142?
False
Is 199766756 a multiple of 81?
False
Is 20009824 a multiple of 8?
True
Is 35 a factor of 587965954?
False
Does 22 divide 132409464?
True
Does 42 divide 46630803?
False
Is 3436614243 a multiple of 85?
False
Is 25469373 a multiple of 14?
False
Does 7857 divide 1997571537?
True
Does 6 divide 10868166?
True
Is 1731915767 a multiple of 955?
False
Is 516 a factor of 551398347?
False
Is 70867610 a multiple of 631?
True
Is 618942731 a multiple of 1070?
False
Is 23 a factor of 180761761?
True
Is 20548934 a multiple of 441?
False
Is 982 a factor of 5857630?
True
Does 723 divide 154301937?
True
Is 70 a factor of 26862588?
False
Is 11712062 a multiple of 2?
True
Is 5459605 a multiple of 51?
False
Is 51 a factor of 179755?
False
Is 273 a factor of 102817806?
True
Is 20 a factor of 510637978?
False
Does 346 divide 174898848?
True
Is 31475430 a multiple of 70?
True
Is 1696 a factor of 90853024?
True
Is 3259 a factor of 80702617?
True
Does 1165 divide 54308805?
True
Does 4778 divide 1806838924?
True
Does 28 divide 45111080?
True
Is 74 a factor of 7582336?
True
Is 2770 a factor of 148740690?
True
Does 286 divide 27985672?
True
Is 1181739204 a multiple of 9?
True
Is 589 a factor of 23997255?
False
Does 107 divide 13760170?
False
Is 1414998086 a multiple of 59?
False
Does 950 divide 40831950?
True
Is 4907191 a multiple of 9?
False
Does 5325 divide 209513161?
False
Is 37 a factor of 1866672533?
True
Is 15 a factor of 26102782?
False
Is 1439 a factor of 12895465?
False
Is 25524966 a multiple of 186?
True
Does 2373 divide 476834?
False
Is 64 a factor of 378569992?
False
Is 23 a factor of 128507538?
False
Is 16 a factor of 80436319?
False
Is 3902718 a multiple of 54?
False
Is 104 a factor of 295450445?
False
Is 2181692 a multiple of 115?
False
Is 2654271 a multiple of 124?
False
Is 2172235128 a multiple of 301?
True
Is 69 a factor of 439651625?
False
Is 348023559 a multiple of 13?
True
Is 2055420570 a multiple of 13?
False
Is 27506873 a multiple of 851?
True
Is 50387397 a multiple of 199?
True
Is 526504565 a multiple of 7?
False
Does 20 divide 18076860?
True
Is 5 a factor of 52313134?
False
Is 1054002861 a multiple of 761?
False
Is 6109537774 a multiple of 934?
True
Is 67 a factor of 22803866?
False
Is 2895 a factor of 763796535?
True
Does 535 divide 335327835?
True
Is 1431 a factor of 16082329?
False
Is 369617627 a multiple of 52?
False
Is 1297 a factor of 109026